{"id":8443,"date":"2017-05-01T11:13:09","date_gmt":"2017-05-01T11:13:09","guid":{"rendered":"http:\/\/photo.allawaller.eu\/?page_id=8443"},"modified":"2017-10-04T15:00:22","modified_gmt":"2017-10-04T15:00:22","slug":"ob-avtore","status":"publish","type":"page","link":"https:\/\/photo.allawaller.eu\/de\/","title":{"rendered":"\u00dcber mich"},"content":{"rendered":"<p class=\"p1\"><a href=\"http:\/\/photo.allawaller.eu\/wp-content\/uploads\/2017\/05\/Alla-600.jpg\"><img loading=\"lazy\" decoding=\"async\" class=\"alignleft size-medium wp-image-8486\" style=\"border: 1px solid #dedede; padding: 4px;\" src=\"http:\/\/photo.allawaller.eu\/wp-content\/uploads\/2017\/05\/Alla-600-202x300.jpg\" alt=\"\" width=\"202\" height=\"300\" srcset=\"https:\/\/photo.allawaller.eu\/wp-content\/uploads\/2017\/05\/Alla-600-202x300.jpg 202w, https:\/\/photo.allawaller.eu\/wp-content\/uploads\/2017\/05\/Alla-600-768x1139.jpg 768w, https:\/\/photo.allawaller.eu\/wp-content\/uploads\/2017\/05\/Alla-600-691x1024.jpg 691w, https:\/\/photo.allawaller.eu\/wp-content\/uploads\/2017\/05\/Alla-600.jpg 800w\" sizes=\"auto, (max-width: 202px) 100vw, 202px\" \/><\/a><\/p>\n<p class=\"p1\"><span style=\"font-size: 12pt;\"><span class=\"s1\"><b>Herzlich willkommen<\/b><\/span><b>\u00a0in meiner Fotowelt!<\/b><\/span><\/p>\n<p>Mein Name ist\u00a0<strong> Alla Waller<\/strong>. Urspr\u00fcnglich komme ich aus Riga (Lettland).\u00a0Seit 2004 wohne ich mit meiner Familie in Deutschland (Baden-W\u00fcrttemberg). Der Ausl\u00f6ser f\u00fcr die Freude an der Fotografie war ein Geburtstagsgeschenk einer kleinen Reisekamera. Jedoch hat dies mein Leben ver\u00e4ndert und es passierte was eventuell passieren musste \u2013 ich habe mich in die Fotografie komplett verliebt. Ich habe buchst\u00e4blich alles fotografiert, ohne dabei irgendwas Bestimmtes zu bevorzugen.<\/p>\n<p class=\"p2\">Nach einem Jahr wurde ich gl\u00fcckliche Besitzerin einer Digitalkamera mit Makroobjektiven. Eine neue atemberaubende Welt, mit allen ihren Facetten hat sich f\u00fcr mich er\u00f6ffnet. Meine Begeisterung f\u00fcr die Fotografie wurde noch st\u00e4rker! Ich entdeckte die Leidenschaft f\u00fcrs fotografieren von Insekten, insbesondere Schmetterlingen. Die Makrofotografie ist eines meiner Lieblingsthemen. Insekten legen nicht viel Wert auf Fotoshooting, dabei ist beim Fotografieren Geduld angesagt, besser noch viel Geduld!<span class=\"Apple-converted-space\">\u00a0 <\/span>Die Fotografie hat mich dazu gebracht, die Welt neu zu entdecken und an den einfachen gew\u00f6hnlichen Sachen etwas<span class=\"Apple-converted-space\">\u00a0 <\/span>Besonderes herauszusehen: das Flattern der Schmetterlingsfl\u00fcgel, ein Kristallregentropfen oder eine kleine Blume die sich der Sonne entgegenstreckt. Ich liebe es durch die Wiesen spazieren zu gehen und die Insekten in ihrem Lebensraum, in dem sie sich frei und wohlf\u00fchlen, spontan aufzunehmen. Es ist immer ganz toll und spannend die aufgenommenen Bilder anzuschauen und die faszinierenden Details der Makrofotografie zu bewundern.<\/p>\n<p class=\"p2\">Meine Fotokamera ist mein Begleiter in eine andere Welt, in eine gewisse Paralellwelt und die Fotobilder sind in dem Sinn, die Sprache die ich spreche. Unsere Umwelt ist so wundervoll, wie auch zerbrechlich. Auch ist es sch\u00f6n, dass man nicht unbedingt weit reisen muss, um jeden Tag ein kleines Wunder zu erleben. Meist befindet es sich zum Greifen nah um uns herum!<\/p>\n<p class=\"p2\">Ich bin kein Fotoprofi, ich lerne noch. Jedoch hoffe ich, dass Sie meine Welt der Fotografie ber\u00fcht und erfreut.<a href=\"http:\/\/photo.allawaller.eu\/wp-content\/uploads\/2017\/05\/IMG_9483.JPG-e1495018538852.jpg\"><img loading=\"lazy\" decoding=\"async\" class=\"size-medium wp-image-8475 alignright\" style=\"border: 1px solid #dedede; padding: 4px;\" src=\"http:\/\/photo.allawaller.eu\/wp-content\/uploads\/2017\/05\/IMG_9483.JPG-300x195.jpg\" alt=\"\" width=\"300\" height=\"195\" \/><\/a><\/p>\n<p class=\"p1\"><strong>Meine Ausr\u00fcstung:<\/strong><br \/>\nFotokamera Canon EOS 7D<\/p>\n<p class=\"p1\"><span class=\"s1\">Objektive:<br \/>\n<\/span>Canon Makro 0,85\/2.8ft EfS 55-250mm<br \/>\nCanon <span class=\"s1\"> EF-S 15-85mm<br \/>\n<\/span>Canon Makro Lens EF 100 mm 1:2,8L L IS USM<\/p>\n<p>&nbsp;<\/p>\n","protected":false},"excerpt":{"rendered":"<p>Herzlich willkommen\u00a0in meiner Fotowelt! Mein Name ist\u00a0 Alla Waller. Urspr\u00fcnglich komme ich aus Riga (Lettland).\u00a0Seit 2004 wohne ich mit meiner Familie in Deutschland (Baden-W\u00fcrttemberg). Der Ausl\u00f6ser f\u00fcr die Freude an der Fotografie war ein Geburtstagsgeschenk einer kleinen Reisekamera. Jedoch hat dies mein Leben ver\u00e4ndert und es passierte was eventuell passieren&hellip;<\/p>\n<p class=\"more-link-wrapper\"><a class=\"more-link\" href=\"https:\/\/photo.allawaller.eu\/de\/\"><span class=\"fa fa-mail-forward read-more-icon\"><\/span><span class=\"screen-reader-text\">Read More<\/span><\/a><\/p>\n","protected":false},"author":1,"featured_media":0,"parent":0,"menu_order":0,"comment_status":"closed","ping_status":"closed","template":"","meta":{"footnotes":""},"class_list":["post-8443","page","type-page","status-publish","hentry"],"_links":{"self":[{"href":"https:\/\/photo.allawaller.eu\/de\/wp-json\/wp\/v2\/pages\/8443","targetHints":{"allow":["GET"]}}],"collection":[{"href":"https:\/\/photo.allawaller.eu\/de\/wp-json\/wp\/v2\/pages"}],"about":[{"href":"https:\/\/photo.allawaller.eu\/de\/wp-json\/wp\/v2\/types\/page"}],"author":[{"embeddable":true,"href":"https:\/\/photo.allawaller.eu\/de\/wp-json\/wp\/v2\/users\/1"}],"replies":[{"embeddable":true,"href":"https:\/\/photo.allawaller.eu\/de\/wp-json\/wp\/v2\/comments?post=8443"}],"version-history":[{"count":33,"href":"https:\/\/photo.allawaller.eu\/de\/wp-json\/wp\/v2\/pages\/8443\/revisions"}],"predecessor-version":[{"id":11122,"href":"https:\/\/photo.allawaller.eu\/de\/wp-json\/wp\/v2\/pages\/8443\/revisions\/11122"}],"wp:attachment":[{"href":"https:\/\/photo.allawaller.eu\/de\/wp-json\/wp\/v2\/media?parent=8443"}],"curies":[{"name":"wp","href":"https:\/\/api.w.org\/{rel}","templated":true}]}}

Über mich

<p class="p1"><a href="http://photo.allawaller.eu/wp-content/uploads/2017/05/Alla-600.jpg"><img loading="lazy" decoding="async" class="alignleft size-medium wp-image-8486" style="border: 1px solid #dedede; padding: 4px;" src="http://photo.allawaller.eu/wp-content/uploads/2017/05/Alla-600-202x300.jpg" alt="" width="202" height="300" srcset="https://photo.allawaller.eu/wp-content/uploads/2017/05/Alla-600-202x300.jpg 202w, https://photo.allawaller.eu/wp-content/uploads/2017/05/Alla-600-768x1139.jpg 768w, https://photo.allawaller.eu/wp-content/uploads/2017/05/Alla-600-691x1024.jpg 691w, https://photo.allawaller.eu/wp-content/uploads/2017/05/Alla-600.jpg 800w" sizes="auto, (max-width: 202px) 100vw, 202px" /></a></p>
<p class="p1"><span style="font-size: 12pt;"><span class="s1"><b>Herzlich willkommen</b></span><b> in meiner Fotowelt!</b></span></p>
<p>Mein Name ist <strong> Alla Waller</strong>. Ursprünglich komme ich aus Riga (Lettland). Seit 2004 wohne ich mit meiner Familie in Deutschland (Baden-Württemberg). Der Auslöser für die Freude an der Fotografie war ein Geburtstagsgeschenk einer kleinen Reisekamera. Jedoch hat dies mein Leben verändert und es passierte was eventuell passieren musste – ich habe mich in die Fotografie komplett verliebt. Ich habe buchstäblich alles fotografiert, ohne dabei irgendwas Bestimmtes zu bevorzugen.</p>
<p class="p2">Nach einem Jahr wurde ich glückliche Besitzerin einer Digitalkamera mit Makroobjektiven. Eine neue atemberaubende Welt, mit allen ihren Facetten hat sich für mich eröffnet. Meine Begeisterung für die Fotografie wurde noch stärker! Ich entdeckte die Leidenschaft fürs fotografieren von Insekten, insbesondere Schmetterlingen. Die Makrofotografie ist eines meiner Lieblingsthemen. Insekten legen nicht viel Wert auf Fotoshooting, dabei ist beim Fotografieren Geduld angesagt, besser noch viel Geduld!<span class="Apple-converted-space">  </span>Die Fotografie hat mich dazu gebracht, die Welt neu zu entdecken und an den einfachen gewöhnlichen Sachen etwas<span class="Apple-converted-space">  </span>Besonderes herauszusehen: das Flattern der Schmetterlingsflügel, ein Kristallregentropfen oder eine kleine Blume die sich der Sonne entgegenstreckt. Ich liebe es durch die Wiesen spazieren zu gehen und die Insekten in ihrem Lebensraum, in dem sie sich frei und wohlfühlen, spontan aufzunehmen. Es ist immer ganz toll und spannend die aufgenommenen Bilder anzuschauen und die faszinierenden Details der Makrofotografie zu bewundern.</p>
<p class="p2">Meine Fotokamera ist mein Begleiter in eine andere Welt, in eine gewisse Paralellwelt und die Fotobilder sind in dem Sinn, die Sprache die ich spreche. Unsere Umwelt ist so wundervoll, wie auch zerbrechlich. Auch ist es schön, dass man nicht unbedingt weit reisen muss, um jeden Tag ein kleines Wunder zu erleben. Meist befindet es sich zum Greifen nah um uns herum!</p>
<p class="p2">Ich bin kein Fotoprofi, ich lerne noch. Jedoch hoffe ich, dass Sie meine Welt der Fotografie berüht und erfreut.<a href="http://photo.allawaller.eu/wp-content/uploads/2017/05/IMG_9483.JPG-e1495018538852.jpg"><img loading="lazy" decoding="async" class="size-medium wp-image-8475 alignright" style="border: 1px solid #dedede; padding: 4px;" src="http://photo.allawaller.eu/wp-content/uploads/2017/05/IMG_9483.JPG-300x195.jpg" alt="" width="300" height="195" /></a></p>
<p class="p1"><strong>Meine Ausrüstung:</strong><br />
Fotokamera Canon EOS 7D</p>
<p class="p1"><span class="s1">Objektive:<br />
</span>Canon Makro 0,85/2.8ft EfS 55-250mm<br />
Canon <span class="s1"> EF-S 15-85mm<br />
</span>Canon Makro Lens EF 100 mm 1:2,8L L IS USM</p>
<p>&nbsp;</p>

<p>Herzlich willkommen in meiner Fotowelt! Mein Name ist  Alla Waller. Ursprünglich komme ich aus Riga (Lettland). Seit 2004 wohne ich mit meiner Familie in Deutschland (Baden-Württemberg). Der Auslöser für die Freude an der Fotografie war ein Geburtstagsgeschenk einer kleinen Reisekamera. Jedoch hat dies mein Leben verändert und es passierte was eventuell passieren&hellip;</p>
<p class="more-link-wrapper"><a class="more-link" href="https://photo.allawaller.eu/de/"><span class="fa fa-mail-forward read-more-icon"></span><span class="screen-reader-text">Read More</span></a></p>
